 52?
30
Suppose -u - 49 = 4*b - 700, -4*u = 2*b - 2688. What is the remainder when u is divided by 13?
12
Let o(u) = u**2 + 2*u - 39. Let r = -152 - -159. What is the remainder when o(r) is divided by 13?
11
Suppose -4*u = -0*u + 3*i - 111, u = 4*i + 23. Suppose 8*w + u = 11*w. Let z(v) = -v**3 + 9*v**2 + 8*v - 17. Calculate the remainder when z(w) is divided by 14.
13
Let z = -2696 - -2732. What is the remainder when 369 is divided by z?
9
Let u(n) = 10*n - 58. Suppose 0 = -5*i + 3*r - 24 + 67, 5*i - 4*r = 44. What is the remainder when 30 is divided by u(i)?
8
Suppose -225 - 234 = -3*i. Let w = i + -129. Calculate the remainder when 71 is divided by w.
23
Let w = 31 - -652. Calculate the remainder when 2053 is divided by w.
4
Let a = 34 + -63. Let f = -175 + 134. Let v = a - f. Calculate the remainder when 46 is divided by v.
10
Suppose -5*v + 2*x = -1573, 3*v - 23*x - 948 = -26*x. Suppose -121*c + v = -106*c. Calculate the remainder when 53 is divided by c.
11
Let a(y) = -y**2 - y + 11. Let p = -159875 + 159901. What is the remainder when p is divided by a(0)?
4
Suppose -4*x - 584 = -153*m + 150*m, 10 = -5*x. Let i(q) = -q**2 - 16*q + 12. Calculate the remainder when m is divided by i(-11).
58
Suppose -613 = -46*z - 130 + 69. Suppose -j - 36 = -4*j. What is the remainder when j is divided by z?
0
Let l be (1*20)/((-6813)/2277 + 3). Suppose -69*b + 59*b + l = 0. Calculate the remainder when b is divided by 48.
13
Let v = -126 - -124. What is the remainder when v*(-3)/24 + 6370/56 is divided by 43?
28
Suppose 5*v = 2*k - 147, 0 = -3*k - 2*v + v + 178. Suppose -55 = 2*z - k. What is the remainder when 15 is divided by -10*(z/(-3))/1?
5
Let z(f) = 8*f - 4 + 12 + f**2 - 5. Suppose 2*v - 77 = -y - 12, -v + y = -31. What is the remainder when v is divided by z(-10)?
9
Suppose 0 = 5*t - 105 + 10. Suppose 6*v = -12*v + 702. Calculate the remainder when v is divided by t.
1
Suppose 5*g + 41*h - 44*h - 1179 = 0, 2*g = 3*h + 477. Calculate the remainder when 703 is divided by g.
1
Let m = 23429 - 22899. Calculate the remainder when m is divided by 36.
26
Let i(g) = -g**2 + 20*g - 40. Let r be i(16). Suppose -m + 5*d + 13 = -3*m, -3*m = 3*d + r. Calculate the remainder when -1 + 4 - -8*m/(-6) is divided by 7.
1
Let i = -420 + 519. Let t = -47 - -73. What is the remainder when i is divided by t?
21
Suppose -872 = -k - l, 3*k - 2368 = -2*l + 250. What is the remainder when k is divided by 51?
7
Let w = -46 - -49. Suppose -3*k + 5*y + 1 = 0, 3*k + w*y - 8 = y. Calculate the remainder when 26 is divided by 5 - 6/(k + -4).
2
Suppose -16*j + 171 + 1685 = 0. Calculate the remainder when j is divided by 103.
13
Let s(q) = 3*q**3 - 102*q**2 + 5*q - 775. What is the remainder when s(35) is divided by 39?
33
Let k = 1846 + -1799. Calculate the remainder when k is divided by (-4)/10 - (-1 - (-388)/(-20)).
7
Let i(f) = f**3 - 41*f**2 + 2*f + 46. Let y be i(41). Let n = -119 + y. Let o(z) = 3*z. What is the remainder when n is divided by o(2)?
3
Suppose 252 = -4*h + 4*o + o, -h = -o + 63. Let u be 0 - -1 - -1 - -77. Let d = h + u. What is the remainder when 95 is divided by d?
15
Let n(j) = -2*j**3 - 6*j**2 + 5*j + 7. Let x(c) = -5*c**3 - 2*c**2 + 6*c + 9. What is the remainder when n(-5) is divided by x(-2)?
24
Let h = -29 - -29. Suppose h*v - 15*v = -135. Calculate the remainder when v is divided by 4.
1
Suppose -g = -2*g - 152. Let i = g - -171. Calculate the remainder when 224 is divided by i.
15
Let y = 3791 - 3759. Calculate the remainder when 1143 is divided by y.
23
Suppose 2*s + 3*u - 4 = 0, -5*s - u = -5 - 5. Let i = 61 + -24. What is the remainder when i is divided by 26*(-1)/(-4)*s?
11
Suppose 11*p - 122 = 3*p + 214. Calculate the remainder when 658 is divided by p.
28
Let y be (-3)/(119/35 - 4). Suppose 2*m - 260 = -2*j - 3*m, 4*m + 683 = y*j. Calculate the remainder when j is divided by 72.
63
Let x(l) = -l + 1. Let d(f) = 2*f - 2. Let a(z) = d(z) + 3*x(z). Let w be a(2). Calculate the remainder when (-2 - w)*158*9/(-6) is divided by 48.
45
Suppose 0 = 11*a - 16 - 28. Suppose 56 = 2*m + a*j, 2*m - 18 = -3*j + 36. What is the remainder when ((-4)/(-6))/(-2*1/(-357)) is divided by m?
23
Let h be 14/(-42) + (-242)/(-6). Suppose -h = -24*p + 20*p. What is the remainder when 1 is divided by 20/p + 2/(-4)*2?
0
Let y(n) = 4*n + 44. Suppose 0*z - 9 = -z - l, -3*l = 4*z - 31. Calculate the remainder when 236 is divided by y(z).
56
Suppose -h - 26 = -q, -32*q + 27*q + 3*h + 122 = 0. What is the remainder when 2550 is divided by q?
20
Let o be (152/12 - 6)/((-2)/(-210)). Let a = o + -632. What is the remainder when a is divided by 10?
8
Let b(c) = -4*c**2 - 19*c + 119. Calculate the remainder when 8084 is divided by b(-8).
14
Suppose 728*n - 27878 = 675*n. Calculate the remainder when n is divided by 75.
1
Let f = -296 + 493. Let k = -62 + f. Calculate the remainder when k is divided by 17.
16
Let a = -528 - -537. Suppose 2*r - 39 + 11 = -5*v, 4*r - 116 = 5*v. Suppose 3*o = j - o - a, -4*j + r = -4*o. What is the remainder when 31 is divided by j?
1
Suppose -226*q + 13462 = -3036. Calculate the remainder when 6277 is divided by q.
72
Let i = -12307 - -12354. Suppose -9 - 2 = -w. Suppose -2*d + w + 20 = b, -2*d - 2*b = -28. What is the remainder when i is divided by d?
13
Let w be (0 - (-86)/8)*(9 - -3). Let c(a) = -2*a - 20. Let o be c(-13). Calculate the remainder when 1*(3 + w*o/9) is divided by 23.
20
Suppose -16*k + 17*k = -4*l - 9, 0 = -2*l - 12. What is the remainder when 1370 is divided by k?
5
Suppose 2362 = 5*p + k + 126, 3*k + 1356 = 3*p. Calculate the remainder when p is divided by 223.
2
Let t(m) = m**2 - 62*m - 302. Let y be t(0). Suppose 2*b - 44 + 10 = 0. Calculate the remainder when (-15)/(-6) + 2/((-8)/y) is divided by b.
10
Suppose 5*g + 709 = o - 855, -5*g + 1604 = o. What is the remainder when 3177 is divided by o?
9
Calculate the remainder when 450 is divided by (-5)/(-40)*-4*-92.
36
Suppose -116 = -4*s + 2*j + 210, 2*j = 3*s - 245. Let f = 52 + s. Let n = 270 - 243. Calculate the remainder when f is divided by n.
25
Let c(k) = -2*k. Let p be c(-4). Let l(n) = -n**3 + 9*n**2 + 49*n + 46. Let u be l(13). Calculate the remainder when 125 is divided by 29 + (u - p*(-1)/(-2)).
29
Suppose 0 = 16*i - 191 - 49. Suppose -i*t = -12*t + x - 234, -3*t = 3*x - 240. What is the remainder when 459 is divided by t?
74
Let b = 322 + -314. Calculate the remainder when 62 is divided by b.
6
Suppose 0 = -0*d - 3*d + 33. Suppose 5*h - 1140 = 4*t + h, 3*t - h + 853 = 0. Let k = -210 - t. Calculate the remainder when k is divided by d.
8
Calculate the remainder when (-40)/(-8) - -751 - 5 is divided by 32.
15
What is the remainder when (-12)/18 + (-4 - 9107/(-21)) is divided by 86?
85
Let z(c) = 6*c + 115. Let y be z(20). Suppose 237*l - 256 = y*l. What is the remainder when l is divided by 24?
8
Let s = -58 + 76. Suppose -5*f = 3*w - 3, -w + 4*f = -0*w - s. Let x = 31 + w. Calculate the remainder when 107 is divided by x.
33
Let f(d) = 34*d**2 - 45*d + 137. What is the remainder when f(9) is divided by 89?
83
Let j = 198 - 194. Suppose -3*x = -8*x + 4*b + 287, -j*x + 3*b + 230 = 0. Calculate the remainder when x is divided by 10.
9
Suppose -654 + 674 = q. Calculate the remainder when 225 is divided by 4*25/q + 32/2.
15
What is the remainder when 790 is divided by 223 + (-29)/((-116)/(-80))?
181
Let h(n) = 30*n**3 + 8*n**2 - 7*n - 1. What is the remainder when 148 is divided by h(1)?
28
Let f = 271 - 266. Suppose -3*k - f*m = -0*m - 60, 3*k - 60 = m. What is the remainder when 38 is divided by k?
18
Let b = 92 - 90. Suppose -5*g = 2*o - 387, -b*g - 13*o + 8*o = -159. What is the remainder when g is divided by 11?
0
Let i = 16851 + -16553. What is the remainder when 1777 is divided by i?
287
What is the remainder when 428 is divided by (679/(-194))/((-28)/304)?
10
Let w = -26 - -137. Suppose -5*v = -w - 374. Calculate the remainder when v is divided by 27.
16
Suppose 158 = 4*i + 30. Let r = -19 - -40. Let o = r - 3. Calculate the remainder when i is divided by o.
14
Suppose 2*u - 4 + 0 = 0. Suppose -u + 10 = -4*m, -m - 18 = -4*i. Calculate the remainder when ((-9)/(-9))/((-3)/(-12)) is divided by i.
0
Let q be (-10 + 4 - -9) + (0 - -1). Suppose -u - q*u + 84 = 2